t common divisor of 1724338 and 63?
7
Calculate the highest common factor of 79230 and 8835.
285
Calculate the highest common divisor of 23431018 and 6994.
26
What is the greatest common factor of 18155794 and 67?
67
What is the highest common divisor of 1692702 and 774?
18
Calculate the greatest common divisor of 4816948 and 2004.
668
What is the greatest common factor of 31226 and 18341672?
2402
What is the highest common factor of 6416627 and 30743?
433
What is the greatest common factor of 536 and 55350442?
134
Calculate the highest common factor of 50 and 5918035.
5
What is the highest common divisor of 127050235 and 86392?
10799
Calculate the greatest common divisor of 69104940 and 445.
445
What is the highest common factor of 744814 and 5628?
14
Calculate the highest common divisor of 20531320 and 640.
40
What is the greatest common divisor of 52915682 and 4364?
2182
Calculate the highest common factor of 311775 and 81.
3
Calculate the highest common factor of 759105 and 567.
27
Calculate the highest common divisor of 76752543 and 42.
21
Calculate the highest common factor of 221 and 7837492.
13
Calculate the greatest common divisor of 7392 and 17610516.
924
Calculate the highest common divisor of 4805832 and 408.
408
Calculate the highest common divisor of 78839757 and 3492.
873
What is the highest common divisor of 10342144 and 2845?
569
What is the greatest common divisor of 10 and 1327198?
2
What is the greatest common divisor of 61110 and 31248?
126
What is the greatest common divisor of 174906 and 251378?
158
What is the highest common factor of 16 and 150723604?
4
What is the highest common factor of 2112 and 33582384?
528
What is the greatest common divisor of 1180818 and 1962?
18
Calculate the greatest common factor of 25862 and 2099647.
193
Calculate the greatest common factor of 11005380 and 5760.
180
Calculate the greatest common factor of 90016391 and 307.
307
What is the highest common divisor of 438 and 106356?
6
Calculate the highest common factor of 2546943 and 42.
21
Calculate the highest common divisor of 106831 and 19909207.
2273
What is the highest common divisor of 9841024 and 48?
16
Calculate the greatest common divisor of 25767 and 29043.
63
Calculate the highest common divisor of 6113613 and 215031.
687
Calculate the greatest common factor of 208 and 3259712.
16
Calculate the highest common factor of 587793335 and 10.
5
What is the greatest common factor of 109947693 and 1992?
249
Calculate the greatest common divisor of 18128 and 41833759.
1133
What is the greatest common divisor of 1243792 and 682?
22
What is the greatest common factor of 21315 and 19860?
15
Calculate the greatest common factor of 2973 and 15992758.
991
Calculate the greatest common divisor of 6540 and 1264095345.
1635
What is the greatest common divisor of 4670 and 22510?
10
Calculate the highest common factor of 230 and 55737809.
23
Calculate the greatest common factor of 949557430 and 1310.
1310
What is the greatest common divisor of 1064 and 40788496?
56
What is the highest common divisor of 768145 and 357?
119
What is the greatest common divisor of 4390026 and 7566?
582
Calculate the highest common divisor of 47219 and 1168157.
2053
What is the greatest common factor of 3949913 and 2933?
419
What is the highest common divisor of 9225 and 154775?
1025
What is the highest common factor of 1304858156 and 84?
28
What is the highest common divisor of 59419466 and 106?
106
What is the highest common factor of 3923742528 and 12444?
12444
Calculate the highest common divisor of 94023032 and 807.
269
Calculate the highest common divisor of 188 and 69436.
4
What is the highest common divisor of 8169492 and 4836?
372
What is the greatest common factor of 86184 and 11452?
28
What is the greatest common factor of 2797389 and 122094?
3591
What is the greatest common factor of 326161918 and 582?
194
Calculate the greatest common factor of 17310279 and 14.
7
Calculate the greatest common factor of 1580 and 556320.
20
What is the greatest common divisor of 1479 and 135129821?
493
Calculate the greatest common factor of 3404408 and 4480.
56
Calculate the highest common divisor of 492 and 23031780.
12
What is the greatest common factor of 182988 and 923?
13
What is the highest common divisor of 121 and 249067489?
121
What is the greatest common divisor of 197928 and 260658?
18
Calculate the highest common divisor of 297 and 13388166.
297
What is the greatest common factor of 88171 and 893625?
2383
Calculate the highest common divisor of 1426 and 447268.
62
Calculate the greatest common factor of 129564 and 199812.
12
Calculate the highest common factor of 1144 and 17355052.
572
What is the greatest common factor of 12167285 and 4355?
65
What is the highest common divisor of 12327534 and 6?
6
What is the highest common factor of 802668 and 49884?
12
What is the highest common factor of 65331 and 8182967?
1037
Calculate the highest common divisor of 3750 and 46735750.
250
Calculate the greatest common factor of 466 and 65857683.
233
What is the greatest common divisor of 11324950 and 7336?
1834
What is the highest common divisor of 209 and 2998?
1
What is the highest common divisor of 30955464 and 192?
24
Calculate the highest common divisor of 11288 and 235222.
166
What is the greatest common divisor of 1512260 and 6806?
166
What is the highest common divisor of 2821 and 9055627?
217
Calculate the highest common divisor of 680202525 and 2225.
2225
What is the greatest common divisor of 3958555721 and 101?
101
Calculate the highest common factor of 10949792 and 288.
32
What is the greatest common divisor of 2130933 and 141?
141
Calculate the greatest common divisor of 2530 and 12658855.
1265
What is the greatest common divisor of 19265288 and 848?
424
Calculate the greatest common factor of 1391056 and 328997.
383
Calculate the greatest common divisor of 12055147 and 455.
13
Calculate the highest common divisor of 498 and 157420622.
166
Calculate the greatest common factor of 36 and 351844.
4
Calculate the greatest common factor of 17 and 2135395755.
17
Calculate the greatest common divisor of 7613 and 60191.
23
Calculate the highest common factor of 11068168 and 32.
8
What is the greatest common factor of 11664835 and 10745?
35
Calculate the highest common factor of 567 and 1629830727.
567
What is the greatest common divisor of 3466892 and 741?
247
What is the highest common factor of 253 and 553421?
11
Calculate the greatest common factor of 4141 and 269821.
41
What is the highest common factor of 5754 and 2926294518?
5754
What is the highest common divisor of 1000 and 232278500?
500
What is the highest common factor of 66 and 134182158?
66
Calculate the highest common divisor of 232265 and 4419800.
2255
Calculate the greatest common factor of 2088524 and 804.
268
What is the greatest common factor of 728 and 3530527?
91
What is the greatest common divisor of 18525 and 99555?
15
What is the highest common factor of 5996 and 54565099?
1499
Calculate the greatest common factor of 583 and 14400100.
583
What is the greatest common factor of 75855 and 296491?
13
What is the greatest common factor of 15612864 and 18?
6
What is the greatest common divisor of 78110 and 6058270?
730
Calculate the greatest common divisor of 550 and 497870.
10
Calculate the highest common divisor of 124194592 and 14912.
7456
Calculate the highest common divisor of 11056732 and 2669.
17
What is the highest common divisor of 12177824 and 480?
32
What is the highest common divisor of 134060860 and 50?
10
What is the highest common divisor of 163 and 10197443?
163
What is the greatest common factor of 144150 and 31775?
775
What is the greatest common divisor of 1066602 and 2993542?
2714
What is the highest common factor of 43847 and 818029?
269
Calculate the greatest common divisor of 1943832 and 162800.
3256
Calculate the highest common divisor of 5992 and 796508.
428
What is the greatest common divisor of 57184 and 816659?
1787
Calculate the highest common factor of 4997 and 15549086.
263
What is the greatest common divisor of 13527 and 7227426?
501
What is the greatest common factor of 11477187 and 136269?
2781
Calculate the highest common factor of 2271 and 26538149.
757
What is 